
Let w(n) = 3*n**2 + 183*n - 185. What is w(-63)?
193
Let n(h) = 2*h**3 - 85*h**2 + 411*h - 147. Calculate n(37).
1
Let g(m) = -1400*m + 793803. Determine g(567).
3
Let h(x) = -37069*x - 259451. What is h(-7)?
32
Let y(q) = -217*q**2 - 482*q + 1930. Calculate y(4).
-3470
Let d(x) = 1152*x**2 + 681*x - 460. Calculate d(-1).
11
Let m(q) = 753*q + 74553. Calculate m(-99).
6
Let k(b) = 36*b**2 + 4347*b - 17991. Determine k(4).
-27
Let c(q) = -15*q**2 - 1662*q - 3054. Give c(-109).
-111
Let u(f) = -13*f**3 - 320*f**2 - 34*f - 637. Calculate u(-25).
3338
Let r(z) = 300*z + 6752. Calculate r(-25).
-748
Let w(k) = k**3 - 37*k**2 - 184*k + 194. What is w(42)?
1286
Let q(l) = 4*l**3 + 45*l**2 + 12*l + 735. Give q(-12).
159
Let w(g) = -167*g - 2235. Determine w(-11).
-398
Let r(h) = h**2 + 3*h + 405. Calculate r(-14).
559
Let v(x) = -389*x + 40031. Give v(103).
-36
Let d(f) = -f**2 + 603066*f + 6633849. Give d(-11).
2
Let i(u) = 11*u**3 + 7*u**2 + 304*u + 1199. Give i(-4).
-609
Let j(d) = 3*d**2 + 4050*d - 16226. Determine j(4).
22
Let i(t) = -t**2 + 73*t + 4313. Give i(111).
95
Let d(m) = -6*m**2 - 2691*m + 21905. Calculate d(8).
-7
Let x(s) = -14*s**3 + 13*s**2 + 9*s + 1. Determine x(-2).
147
Let j(u) = -251*u**2 + 50968*u - 3042. Determine j(203).
3
Let r(i) = 11*i**2 + 423*i + 1018. What is r(-35)?
-312
Let m(c) = -c**2 - 5331*c + 16000. What is m(3)?
-2
Let u(k) = -2*k**3 + 24*k**2 + 631*k + 2521. Determine u(-8).
33
Let l(y) = -4*y**3 - 113*y**2 - 5*y - 2665. Give l(-29).
3
Let c(i) = i**2 + 17*i + 60. Give c(15).
540
Let q(n) = 2034*n + 50263. Give q(-25).
-587
Let s(u) = -2*u**2 + 1121*u - 103777. What is s(117)?
2
Let y(w) = w**3 + 12*w**2 - 596*w + 3256. Determine y(15).
391
Let t(z) = -10*z**3 + 421*z**2 - 61*z + 828. Determine t(42).
30
Let p(n) = -1611*n**2 + 259*n + 256. What is p(-1)?
-1614
Let r(h) = -15*h**2 - 20377*h - 40749. Give r(-2).
-55
Let m(h) = -3*h**3 - 183*h**2 - 355*h + 188. Give m(-59).
247
Let r(a) = a**3 - 322*a**2 + 688*a - 15390. Determine r(320).
-30
Let x(y) = -8142*y - 199. Give x(0).
-199
Let a(l) = l**3 - 25*l**2 + 109*l + 33. Calculate a(10).
-377
Let n(p) = -p**3 - 171*p**2 + 11342*p - 1027. Give n(51).
-7
Let u(l) = -4*l**2 - 762*l - 16038. Calculate u(-22).
-1210
Let r(q) = -1006*q - 33341. Determine r(-33).
-143
Let v(d) = 25206*d - 226746. Give v(9).
108
Let c(f) = f**3 + 22*f**2 - 354*f - 85. What is c(-32)?
1003
Let x(h) = h**3 - 110*h**2 - 233*h + 479. Determine x(112).
-529
Let y(p) = 2*p**3 - 82*p**2 + 6*p - 2. Determine y(41).
244
Let l(m) = -m**3 - 10046*m**2 + 221505*m - 196. What is l(22)?
2
Let v(c) = 3*c**3 - 103*c**2 - 177*c - 59. Give v(36).
49
Let v(g) = -31*g**2 + 1890*g + 15. Give v(63).
-3954
Let w(g) = 514*g - 131617. Give w(258).
995
Let t(l) = -382*l - 210865. What is t(-552)?
-1
Let x(w) = 132*w**2 + 3713*w + 14893. Determine x(-4).
2153
Let p(t) = 422*t**2 - 5077*t + 222. Determine p(12).
66
Let h(c) = 4*c**2 - 2615*c + 13061. Determine h(5).
86
Let n(t) = -799*t - 40782. Give n(-51).
-33
Let i(s) = -7903*s + 47560. Give i(6).
142
Let v(b) = -94392*b - 6607436. Give v(-70).
4
Let b(p) = 2*p**3 + 182*p**2 - 176*p + 927. What is b(-92)?
191
Let u(c) = -272288*c + 816873. What is u(3)?
9
Let q(h) = 640*h + 35848. Determine q(-56).
8
Let l(q) = 84*q**2 + 14906*q - 8231. Determine l(-178).
-43
Let u(s) = s**3 + 257*s**2 + 64*s - 19. What is u(0)?
-19
Let h(w) = 12*w**2 - 2572*w + 917. Determine h(213).
-2491
Let t(v) = v**3 + 338*v**2 + 1624*v - 13662. Determine t(-333).
-9
Let x(h) = 15754*h + 346594. What is x(-22)?
6
Let g(k) = -k**3 - 1489*k**2 + 39391*k - 37. Give g(26).
-11
Let c(m) = 6*m**2 - 993*m - 14997. Determine c(-14).
81
Let f(k) = -3*k**3 - 10*k**2 - 312*k - 2050. What is f(-6)?
110
Let y(i) = -2*i**3 + 169*i**2 + 2191*i - 191102. Determine y(84).
-2
Let q(t) = t**3 - 33*t**2 - 325*t - 232. What is q(-7)?
83
Let j(o) = -6721*o + 342768. Calculate j(51).
-3
Let b(d) = -4*d**3 + 40*d**2 + 1340*d + 83. Give b(24).
-13
Let d(z) = -238*z - 3799. Calculate d(-16).
9
Let r(d) = -6277*d + 35898. What is r(6)?
-1764
Let w(s) = 22*s**3 + 18*s**2 - 294*s + 1628. What is w(6)?
5264
Let a(d) = -2*d**2 + 2519*d + 22741. Determine a(-9).
-92
Let t(o) = 33*o**3 - 231*o**2 - 21*o + 1. What is t(7)?
-146
Let z(j) = 2*j**2 + 8*j - 35765. What is z(-136)?
139
Let b(r) = -16*r**3 - 10*r**2 - 92*r + 109. Determine b(1).
-9
Let o(d) = 2973296*d + 20813074. Determine o(-7).
2
Let p(g) = 247*g - 3071. Calculate p(13).
140
Let s(h) = -2412*h - 2505. What is s(-1)?
-93
Let a(b) = -b**2 + 212*b + 11871. What is a(258)?
3
Let i(c) = 3418*c + 1063000. Calculate i(-311).
2
Let x(h) = -h**2 + 839*h - 107076. What is x(157)?
-2
Let v(j) = -j**3 - 96*j**2 - 157*j - 15209. What is v(-96)?
-137
Let r(h) = -2*h**3 + 339*h**2 + 174*h - 957. Determine r(170).
-277
Let r(y) = -2772*y - 16622. Calculate r(-6).
10
Let o(l) = 419*l**2 + 454*l - 107. Determine o(-2).
661
Let m(s) = s**3 + 77*s**2 - 2560*s + 245. What is m(25)?
-5
Let h(d) = 2*d**3 + 244*d**2 + 5267*d + 89. Determine h(-28).
5
Let j(d) = -638*d**2 + 22932*d + 11. Calculate j(36).
-1285
Let p(q) = 17*q**2 + 459*q + 5087. Give p(-11).
2095
Let v(h) = -37455*h + 149815. Calculate v(4).
-5
Let u(d) = d**3 + 178*d**2 - 344*d + 2742. What is u(-180)?
-138
Let z(p) = p**3 + 200*p**2 + 9964*p - 7. What is z(-106)?
-7
Let f(j) = -2*j**3 - 13*j**2 + 15*j + 304. What is f(-9)?
574
Let h(p) = 192*p**3 - 13*p**2 - 3472*p - 3459. Calculate h(-1).
-192
Let s(h) = -715*h - 33634. Calculate s(-47).
-29
Let t(p) = p**3 + 41*p**2 - 803*p - 29584. What is t(-44)?
-60
Let s(i) = 8622*i + 49603. What is s(-6)?
-2129
Let p(l) = 6*l**2 - 54*l + 1020. Calculate p(15).
1560
Let k(a) = -a**2 + 246*a - 12372. Determine k(70).
-52
Let c(d) = -4239*d**2 + 12716*d - 2. Determine c(3).
-5
Let a(q) = 385*q + 13842. Calculate a(-36).
-18
Let m(f) = f**3 - 31*f**2 - 281*f - 363. Calculate m(37).
-2546
Let c(z) = -1897*z + 95246. What is c(50)?
396
Let c(s) = 11*s**2 - 454*s + 82. Give c(42).
418
Let k(u) = 6178*u - 117295. What is k(19)?
87
Let l(f) = -f**3 - 7*f**2 + 178*f - 2444. Give l(-21).
-8
Let y(u) = -26*u**3 - 132*u**2 - 1777*u - 8832. Give y(-5).
3
Let b(z) = 6*z**3 - 214*z**2 + 1267*z - 39443. Determine b(35).
2
Let k(h) = -583*h - 16906. Calculate k(-29).
1
Let i(v) = 272*v + 38779. What is i(-143)?
-117
Let u(b) = -6*b**2 + 114759*b + 573952. Determine u(-5).
7
Let t(c) = -254*c + 4510. Calculate t(28).
-2602
Let r(j) = -3729*j - 432557. What is r(-116)?
7
Let o(n) = -n**3 - 38*n**2 + 14278*n + 215. Determine o(102).
11
Let j(u) = -u**3 - 139*u**2 + 569*u + 69. Determine j(4).
57
Let w(y) = 2*y**2 + 54*y - 548. Calculate w(21).
1468
Let r(w) = -w**3 + 16*w**2 + 116*w + 1055. Give r(22).
703
Let m(o) = -5*o**3 + 549*o**2 + 113*o - 346. Determine m(110).
-16
Let k(b) = 16006*b + 11700390. Give k(-731).
4
Let m(p) = -163*p + 2469. Determine m(16).
-139
Let d(n) = -412*n**3 + 381*n**2 + 4*n - 7. Determine d(2).
-1771
Let z(m) = 57*m**3 + 370*m**2 + 22*m + 39. Calculate z(-6).
915
Let d(y) = -13100*y + 236647. What is d(18)?
847
Let d(w) = 5*w**3 - 15*w**2 - 122*w - 137. Give d(7).
-11
Let q(i) = i**3 - 26*i**2 + 166*i + 25. Give q(13).
-14
Let s(o) = -241*o**2 - 9376*o + 898. What is s(-39)?
1
Let a(r) = -7*r**2 + 356*r - 4199. Give a(12).
-935
Let c(k) = 2*k**3 + 15*k**2 + 27*k - 45. What is c(-8)?
-325
Let w(v) = -v**3 + 334*v**2 + 3084*v + 703. Determine w(343).
-326
Let a(c) = -69*c + 8244. Calculate a(68).
3552
Let k(i) = 196*i**2 - 683*i - 93. Give k(4).
311
Let y(t) = -4356*t + 78381. What is y(18)?
-27
Let r(m) = m**2 + 322*m + 3893. Determine r(-310).
173
Let a(f) = -5*f**2 + 256*f + 64. Calculate a(16).
2880
Let a(k) = 2*k**3 + 186*k**2 - 573*k + 272. What is a(-96)?
-16
Let f(o) = 3*o**3 + 1649*o**2 + 1054*o - 24164. What is f(-549)?
-8
Let w(a) = -51*a**2 + 268*a - 203. Calculate w(7).
-826
Let f(k) = 2*k**3 + 17*k**2 + 6*k - 49. Determine f(-11).
-720
Let z(x) = -213*x**2 - 1102*x + 2. What is z(-6)?
-1054
Let k(w) = 9*w**3 + 9*w**2 - 4*w + 76. Calculate k(4).
780
Let b(p) = 19*p**2 + 203*p + 646. Give b(-9).
358
Let z(v) = -2*v**2 - 126*v + 6841. Calculate z(34).
245
Let o(f) = 12740*f**2 - 114618*f - 10. Give o(9).
368
Let c(o) = -o**3 + 261*o**2 - 4712*o + 8786